{"id":202,"date":"2017-09-05T11:22:07","date_gmt":"2017-09-05T18:22:07","guid":{"rendered":"http:\/\/www.ixpalia.com\/wordpress\/?post_type=product&#038;p=202"},"modified":"2023-03-17T10:24:25","modified_gmt":"2023-03-17T17:24:25","slug":"ixpacemento-saco-40-kg","status":"publish","type":"product","link":"https:\/\/www.ixpalia.com\/wordpress\/producto\/ixpacemento-saco-40-kg\/","title":{"rendered":"Ixpacemento 42 KG"},"content":{"rendered":"<p>El Ixpacemento tipo II con puzolana, es un producto elaborado con cemento portland y ferrosilicato alum\u00ednico (Puzolana) de alta actividad. Recomendable para toda la obra de ingenier\u00eda, arquitectura y sobre todo, aquella obra expuesta a la acci\u00f3n de los sulfatos de sodio y magnesio como aguas negras y salinas.<\/p>\n","protected":false},"excerpt":{"rendered":"<p>Cemento Tipo II con puzolana CPOP30RS<\/p>\n","protected":false},"featured_media":297,"template":"","meta":{"_et_pb_use_builder":"","_et_pb_old_content":"","_et_gb_content_width":""},"product_cat":[18],"product_tag":[16],"_links":{"self":[{"href":"https:\/\/www.ixpalia.com\/wordpress\/wp-json\/wp\/v2\/product\/202"}],"collection":[{"href":"https:\/\/www.ixpalia.com\/wordpress\/wp-json\/wp\/v2\/product"}],"about":[{"href":"https:\/\/www.ixpalia.com\/wordpress\/wp-json\/wp\/v2\/types\/product"}],"wp:featuredmedia":[{"embeddable":true,"href":"https:\/\/www.ixpalia.com\/wordpress\/wp-json\/wp\/v2\/media\/297"}],"wp:attachment":[{"href":"https:\/\/www.ixpalia.com\/wordpress\/wp-json\/wp\/v2\/media?parent=202"}],"wp:term":[{"taxonomy":"product_cat","embeddable":true,"href":"https:\/\/www.ixpalia.com\/wordpress\/wp-json\/wp\/v2\/product_cat?post=202"},{"taxonomy":"product_tag","embeddable":true,"href":"https:\/\/www.ixpalia.com\/wordpress\/wp-json\/wp\/v2\/product_tag?post=202"}],"curies":[{"name":"wp","href":"https:\/\/api.w.org\/{rel}","templated":true}]}}